{"id":597,"date":"2025-06-02T10:09:11","date_gmt":"2025-06-02T10:09:11","guid":{"rendered":"https:\/\/perlyalkoholi.pl\/?post_type=product&#038;p=597"},"modified":"2025-06-05T13:31:19","modified_gmt":"2025-06-05T13:31:19","slug":"contemplations-chardonnay","status":"publish","type":"product","link":"https:\/\/perlyalkoholi.pl\/index.php\/produkt\/contemplations-chardonnay\/","title":{"rendered":"Contemplations &#8211; Chardonnay"},"content":{"rendered":"<div class=\"page\" title=\"Page 59\">\n<div class=\"section\">\n<div class=\"layoutArea\">\n<div class=\"column\">\n<p>Kaz\u0307dy rocznik dostarcza 6 ro\u0301z\u0307nych etykiet, z kto\u0301rych kaz\u0307da opowiada inna\u0328 historie\u0328.<\/p>\n<p>Dbamy o staranny zbio\u0301r winogron i ich selekcje\u0328, przenosza\u0328c je re\u0328cznie do skrzynek. Przed przetworzeniem, winogrona sa\u0328 sch\u0142adzane w komorze ch\u0142odniczej przez oko\u0142o 20 godzin, w temperaturze 10-12 \u030aC. Naste\u0328pnie winogrona sa\u0328 sortowane, od\u0142uskane, miaz\u0307dz\u0307one, macerowane, sok jest odcedzany, a szklista masa t\u0142oczona. Kolejnym etapem jest klarowanie soku i fermentacja alkoholowa w temperaturze 15-19 \u030aC. Ten proces obejmuje fermentacje\u0328 alkoholowa\u0328 i dojrzewanie w beczkach z francuskiego de\u0328bu (60% partii). Wino dojrzewa naste\u0328pnie przez 3 miesia\u0328ce w butelkach.<\/p>\n<p><strong>NOTATKA DEGUSTACYJNA<\/strong><\/p>\n<p>Intensywna z\u0307o\u0301\u0142tawo-zielona barwa. Skoncentrowany i harmonijny aromat cytruso\u0301w, brzoskwini, wanilii i tosto\u0301w. Zro\u0301wnowaz\u0307ony i elegancki smak, charakteryzuja\u0328cy sie\u0328 obje\u0328tos\u0301cia\u0328, mie\u0328kkos\u0301cia\u0328, cytrusowa\u0328 s\u0301wiez\u0307os\u0301cia\u0328 i intensywnym aromatem. Wino charakteryzuje sie\u0328 niezapomnianym posmakiem.<\/p>\n<\/div>\n<\/div>\n<\/div>\n<\/div>\n","protected":false},"excerpt":{"rendered":"<p>Kaz\u0307dy rocznik dostarcza 6 ro\u0301z\u0307nych etykiet, z kto\u0301rych kaz\u0307da opowiada inna\u0328 historie\u0328. Dbamy o staranny zbio\u0301r winogron i ich selekcje\u0328, przenosza\u0328c je re\u0328cznie do skrzynek. Przed przetworzeniem, winogrona sa\u0328 sch\u0142adzane w komorze ch\u0142odniczej przez oko\u0142o 20 godzin, w temperaturze 10-12 \u030aC. Naste\u0328pnie winogrona sa\u0328 sortowane, od\u0142uskane, miaz\u0307dz\u0307one, macerowane, sok jest odcedzany, a szklista masa t\u0142oczona. [&hellip;]<\/p>\n","protected":false},"featured_media":633,"comment_status":"open","ping_status":"closed","template":"","meta":[],"product_brand":[],"product_cat":[26],"product_tag":[39],"class_list":{"0":"post-597","1":"product","2":"type-product","3":"status-publish","4":"has-post-thumbnail","6":"product_cat-wina","7":"product_tag-wino-biale","9":"first","10":"instock","11":"shipping-taxable","12":"purchasable","13":"product-type-variable"},"_links":{"self":[{"href":"https:\/\/perlyalkoholi.pl\/index.php\/wp-json\/wp\/v2\/product\/597","targetHints":{"allow":["GET"]}}],"collection":[{"href":"https:\/\/perlyalkoholi.pl\/index.php\/wp-json\/wp\/v2\/product"}],"about":[{"href":"https:\/\/perlyalkoholi.pl\/index.php\/wp-json\/wp\/v2\/types\/product"}],"replies":[{"embeddable":true,"href":"https:\/\/perlyalkoholi.pl\/index.php\/wp-json\/wp\/v2\/comments?post=597"}],"wp:featuredmedia":[{"embeddable":true,"href":"https:\/\/perlyalkoholi.pl\/index.php\/wp-json\/wp\/v2\/media\/633"}],"wp:attachment":[{"href":"https:\/\/perlyalkoholi.pl\/index.php\/wp-json\/wp\/v2\/media?parent=597"}],"wp:term":[{"taxonomy":"product_brand","embeddable":true,"href":"https:\/\/perlyalkoholi.pl\/index.php\/wp-json\/wp\/v2\/product_brand?post=597"},{"taxonomy":"product_cat","embeddable":true,"href":"https:\/\/perlyalkoholi.pl\/index.php\/wp-json\/wp\/v2\/product_cat?post=597"},{"taxonomy":"product_tag","embeddable":true,"href":"https:\/\/perlyalkoholi.pl\/index.php\/wp-json\/wp\/v2\/product_tag?post=597"}],"curies":[{"name":"wp","href":"https:\/\/api.w.org\/{rel}","templated":true}]}}