{"id":463,"date":"2024-09-10T10:55:33","date_gmt":"2024-09-10T10:55:33","guid":{"rendered":"https:\/\/perlyalkoholi.pl\/?post_type=product&#038;p=463"},"modified":"2025-06-04T13:30:59","modified_gmt":"2025-06-04T13:30:59","slug":"clea-reserva-2018","status":"publish","type":"product","link":"https:\/\/perlyalkoholi.pl\/index.php\/produkt\/clea-reserva-2018\/","title":{"rendered":"Clea Reserva 2018"},"content":{"rendered":"<p>Oto szczeg\u00f3\u0142owy opis wina, kt\u00f3re \u0142\u0105czy w sobie elegancj\u0119 Tempranillo z charakterystyczn\u0105 struktur\u0105 Cabernet Sauvignon:<\/p>\n<p><strong>Sk\u0142ad:<\/strong><\/p>\n<ul>\n<li><strong>90% Tempranillo<\/strong><\/li>\n<li><strong>10% Cabernet Sauvignon<\/strong><\/li>\n<\/ul>\n<p><strong>Charakterystyka wina:<\/strong><\/p>\n<ul>\n<li><strong>Kolor:<\/strong> Intensywny wi\u015bniowy z odcieniami fioletu i fioletowymi akcentami.<\/li>\n<li><strong>Aromat:<\/strong> Wielka intensywno\u015b\u0107 aromatyczna z wyra\u017anymi nutami dojrza\u0142ych ciemnych owoc\u00f3w, czekolady, oraz subtelnymi akcentami dymu.<\/li>\n<li><strong>Smak:<\/strong> Mocna struktura i g\u0142adko\u015b\u0107, dobrze zbudowane i mi\u0119siste, z szlachetnymi, dojrza\u0142ymi taninami i delikatn\u0105 kwasowo\u015bci\u0105. Utrzymuj\u0105cy si\u0119 posmak.<\/li>\n<\/ul>\n<p><strong>Produkcja:<\/strong><\/p>\n<ul>\n<li><strong>Winnice:<\/strong> Stare winnice o niskim plonie, zlokalizowane w najwy\u017cej po\u0142o\u017conych i najch\u0142odniejszych cz\u0119\u015bciach Ribera del Duero (p\u00e1ramos w Burgos i Soria), oraz m\u0142odsze winnice Cabernet Sauvignon, r\u00f3wnie\u017c o niskim plonie.<\/li>\n<li><strong>Zbi\u00f3r:<\/strong> R\u0119czny, przeprowadzany w wyselekcjonowanych winogronach na prze\u0142omie wrze\u015bnia i pa\u017adziernika.<\/li>\n<li><strong>Fermentacja:<\/strong> Trwa cztery tygodnie w kadziach o pojemno\u015bci 15 000 kg, w temperaturze 28\u00b0C.<\/li>\n<li><strong>Fermentacja malolaktyczna:<\/strong> Przebiega w nowych beczkach z d\u0119bu francuskiego.<\/li>\n<li><strong>Dojrzewanie:<\/strong> 16 miesi\u0119cy w nowych beczkach z francuskiego d\u0119bu.<\/li>\n<\/ul>\n<p>Wino to jest doskona\u0142ym przyk\u0142adem harmonijnego po\u0142\u0105czenia elegancji Tempranillo i strukturalnej si\u0142y Cabernet Sauvignon, tworz\u0105c kompleksowy, intensywny i dobrze zbalansowany produkt. Idealne do d\u0142ugiego le\u017cakowania i doskona\u0142e do towarzyszenia wyrafinowanym potrawom.<\/p>\n","protected":false},"excerpt":{"rendered":"<p>Oto szczeg\u00f3\u0142owy opis wina, kt\u00f3re \u0142\u0105czy w sobie elegancj\u0119 Tempranillo z charakterystyczn\u0105 struktur\u0105 Cabernet Sauvignon: Sk\u0142ad: 90% Tempranillo 10% Cabernet Sauvignon Charakterystyka wina: Kolor: Intensywny wi\u015bniowy z odcieniami fioletu i fioletowymi akcentami. Aromat: Wielka intensywno\u015b\u0107 aromatyczna z wyra\u017anymi nutami dojrza\u0142ych ciemnych owoc\u00f3w, czekolady, oraz subtelnymi akcentami dymu. Smak: Mocna struktura i g\u0142adko\u015b\u0107, dobrze zbudowane i [&hellip;]<\/p>\n","protected":false},"featured_media":464,"comment_status":"open","ping_status":"closed","template":"","meta":[],"product_brand":[],"product_cat":[26],"product_tag":[],"class_list":{"0":"post-463","1":"product","2":"type-product","3":"status-publish","4":"has-post-thumbnail","6":"product_cat-wina","8":"first","9":"instock","10":"shipping-taxable","11":"purchasable","12":"product-type-simple"},"_links":{"self":[{"href":"https:\/\/perlyalkoholi.pl\/index.php\/wp-json\/wp\/v2\/product\/463","targetHints":{"allow":["GET"]}}],"collection":[{"href":"https:\/\/perlyalkoholi.pl\/index.php\/wp-json\/wp\/v2\/product"}],"about":[{"href":"https:\/\/perlyalkoholi.pl\/index.php\/wp-json\/wp\/v2\/types\/product"}],"replies":[{"embeddable":true,"href":"https:\/\/perlyalkoholi.pl\/index.php\/wp-json\/wp\/v2\/comments?post=463"}],"wp:featuredmedia":[{"embeddable":true,"href":"https:\/\/perlyalkoholi.pl\/index.php\/wp-json\/wp\/v2\/media\/464"}],"wp:attachment":[{"href":"https:\/\/perlyalkoholi.pl\/index.php\/wp-json\/wp\/v2\/media?parent=463"}],"wp:term":[{"taxonomy":"product_brand","embeddable":true,"href":"https:\/\/perlyalkoholi.pl\/index.php\/wp-json\/wp\/v2\/product_brand?post=463"},{"taxonomy":"product_cat","embeddable":true,"href":"https:\/\/perlyalkoholi.pl\/index.php\/wp-json\/wp\/v2\/product_cat?post=463"},{"taxonomy":"product_tag","embeddable":true,"href":"https:\/\/perlyalkoholi.pl\/index.php\/wp-json\/wp\/v2\/product_tag?post=463"}],"curies":[{"name":"wp","href":"https:\/\/api.w.org\/{rel}","templated":true}]}}