{"id":459,"date":"2024-09-10T10:43:02","date_gmt":"2024-09-10T10:43:02","guid":{"rendered":"https:\/\/perlyalkoholi.pl\/?post_type=product&#038;p=459"},"modified":"2025-06-04T13:30:59","modified_gmt":"2025-06-04T13:30:59","slug":"clea-verdejo-2022","status":"publish","type":"product","link":"https:\/\/perlyalkoholi.pl\/index.php\/produkt\/clea-verdejo-2022\/","title":{"rendered":"Clea Verdejo 2022"},"content":{"rendered":"<pre id=\"tw-target-text\" class=\"tw-data-text tw-text-large tw-ta\" dir=\"ltr\" data-placeholder=\"T\u0142umaczenie\" aria-label=\"Przet\u0142umaczony tekst\" data-ved=\"2ahUKEwj77uj1lriIAxWjQvEDHSvDLcwQ3ewLegQIBxAU\"><span class=\"Y2IQFc\" lang=\"pl\" style=\"font-family: georgia, palatino; font-size: 16px;\">Clea Verdejo pochodzi ze starszych, 20-25-letnich winoro\u015bli posadzonych na wysoko\u015bci oko\u0142o 700 metr\u00f3w nad poziomem morza w Rueda.\r\nTo cudowne wino jest bardzo typowe dla tej odmiany, z du\u017c\u0105 ilo\u015bci\u0105 pikantnych, \u017cywych aromat\u00f3w cytrus\u00f3w i owoc\u00f3w pestkowych oraz nutami skoszonej trawy.\r\nTo \u015bwietna propozycja, je\u015bli jeste\u015b fanem Sauvignon Blanc i masz ochot\u0119 na co\u015b innego.<\/span><\/pre>\n","protected":false},"excerpt":{"rendered":"<p>Clea Verdejo pochodzi ze starszych, 20-25-letnich winoro\u015bli posadzonych na wysoko\u015bci oko\u0142o 700 metr\u00f3w nad poziomem morza w Rueda. To cudowne wino jest bardzo typowe dla tej odmiany, z du\u017c\u0105 ilo\u015bci\u0105 pikantnych, \u017cywych aromat\u00f3w cytrus\u00f3w i owoc\u00f3w pestkowych oraz nutami skoszonej trawy. To \u015bwietna propozycja, je\u015bli jeste\u015b fanem Sauvignon Blanc i masz ochot\u0119 na co\u015b innego.<\/p>\n","protected":false},"featured_media":460,"comment_status":"open","ping_status":"closed","template":"","meta":[],"product_brand":[],"product_cat":[26],"product_tag":[],"class_list":{"0":"post-459","1":"product","2":"type-product","3":"status-publish","4":"has-post-thumbnail","6":"product_cat-wina","8":"first","9":"instock","10":"shipping-taxable","11":"purchasable","12":"product-type-simple"},"_links":{"self":[{"href":"https:\/\/perlyalkoholi.pl\/index.php\/wp-json\/wp\/v2\/product\/459","targetHints":{"allow":["GET"]}}],"collection":[{"href":"https:\/\/perlyalkoholi.pl\/index.php\/wp-json\/wp\/v2\/product"}],"about":[{"href":"https:\/\/perlyalkoholi.pl\/index.php\/wp-json\/wp\/v2\/types\/product"}],"replies":[{"embeddable":true,"href":"https:\/\/perlyalkoholi.pl\/index.php\/wp-json\/wp\/v2\/comments?post=459"}],"wp:featuredmedia":[{"embeddable":true,"href":"https:\/\/perlyalkoholi.pl\/index.php\/wp-json\/wp\/v2\/media\/460"}],"wp:attachment":[{"href":"https:\/\/perlyalkoholi.pl\/index.php\/wp-json\/wp\/v2\/media?parent=459"}],"wp:term":[{"taxonomy":"product_brand","embeddable":true,"href":"https:\/\/perlyalkoholi.pl\/index.php\/wp-json\/wp\/v2\/product_brand?post=459"},{"taxonomy":"product_cat","embeddable":true,"href":"https:\/\/perlyalkoholi.pl\/index.php\/wp-json\/wp\/v2\/product_cat?post=459"},{"taxonomy":"product_tag","embeddable":true,"href":"https:\/\/perlyalkoholi.pl\/index.php\/wp-json\/wp\/v2\/product_tag?post=459"}],"curies":[{"name":"wp","href":"https:\/\/api.w.org\/{rel}","templated":true}]}}